. Is f prime?
False
Suppose 1740 = j - 3*z, 4*z - 3*z - 5180 = -3*j. Suppose 204 = -6*y + j. Is y a prime number?
False
Suppose 4*u = 6*u + 5*t - 39086, 5*t + 39126 = 2*u. Is u prime?
True
Let a be (-15)/(-90) + 2629/(-6). Suppose 0*l - 3*l - 12 = 0. Is (a/l)/(9/12) a composite number?
True
Let h be (-3)/5 + -1 + 3/5. Is (-2 + 181)*(3 - h - 3) composite?
False
Let t(g) = g**2 - 1 + 3 + g**2. Let c be t(-3). Let d = 57 - c. Is d a prime number?
True
Let m(d) = 8*d + d**3 - 2 + 0*d**3 - 6 - 2*d**3. Let v be m(6). Let i = v + 333. Is i composite?
False
Let j(t) = 1205*t - 4. Let d be j(-1). Let o = -638 - d. Is o a prime number?
True
Let u(g) = 513*g + 17. Is u(12) composite?
False
Let p = 2401 - 4292. Is (-1 - 1*-2) + (9 - p) composite?
False
Let w(d) = -826*d - 106. Is w(-8) prime?
False
Is 2/(2 + (-8453130)/1056643 + 6) composite?
True
Let d = -3879 + 8060. Is d composite?
True
Suppose 1 + 9 = 5*p. Suppose -a + 6 - 2 = -4*n, 3*n + 3 = p*a. Let g = 114 - n. Is g prime?
False
Suppose -30234 = 7*p - 13*p. Is p a composite number?
False
Let n(f) = 2*f**2 - 10*f - 15. Let p be n(5). Is 614*p/12*-2 a composite number?
True
Suppose -4*o + 4*v = -88, -5*v + 51 = 3*o - 3*v. Suppose 4*p - 5*s = 1373, o = -4*s - 1. Is p prime?
True
Suppose 12 = -m + 5*l, 0*l = 2*m + l - 31. Let v(q) = 6*q - 3 + 8*q - m*q + 7*q**2. Is v(5) composite?
True
Let z(f) = -8379*f - 37. Is z(-2) prime?
False
Suppose 0*v + 780 = 4*v. Let f = v + -16. Is f a composite number?
False
Suppose 10 = 5*d, 2*b + 0*d = -4*d + 982. Is b composite?
False
Let w be (-8)/5*45/(-18). Let u(c) = w - 36*c + 0 - 5 + 2. Is u(-1) a prime number?
True
Suppose -2*l = 4*z + 24, 0 = 3*l - 1 + 7. Let u = 10 + z. Suppose 0 = -u*a + 146 + 19. Is a a composite number?
True
Let a(q) = 372*q - 13. Is a(5) a prime number?
True
Let p(d) = 9*d + 8*d + 5 + 12 - 9*d. Is p(16) a prime number?
False
Suppose h - 3344 = -4*g, g - 5*h + h = 853. Let q(k) = 86*k + 3 - g*k - 5. Is q(-1) prime?
False
Let y(o) = 258*o**2 + 23*o - 93. Is y(8) composite?
False
Let u(k) = 92*k**2 - 20*k - 5. Is u(-6) a prime number?
False
Suppose 0 = 5*u - 19 + 9. Suppose 3449 = 2*p + p + 4*f, -4*p = -u*f - 4606. Is p a composite number?
False
Let l = 2407 + -1366. Is l prime?
False
Let n = -12196 + 65463. Is n a composite number?
False
Suppose 2*z = 4 + 2. Let h be 1206 + z + (-1)/1. Suppose 594 = 2*u + 4*a, u - 5*u + h = 4*a. Is u a prime number?
True
Suppose 11*f = 204585 - 9698. Is f prime?
False
Suppose 0 = w + w. Suppose -8*s + 0*s = w. Suppose -i = 0, -3*x + 2*i + 1838 - 329 = s. Is x composite?
False
Suppose -3*k + k - 910 = 0. Let t(d) = d - 242. Let w be t(0). Let n = w - k. Is n a prime number?
False
Let o(b) = 1370*b**3 - 3*b + 4. Let i be -1 - ((-5)/((-10)/(-4)))/1. Is o(i) prime?
False
Suppose z = -4*z + 1115. Let r = -42 + z. Is r a prime number?
True
Let i(t) = 2*t**3 - 2*t + 1. Let p be i(1). Let f(h) = -h**2 + 2*h - 1. Let y be f(p). Suppose 0 = -y*m - 4*m + 508. Is m prime?
True
Let v(u) = 1 - 13*u + 31*u + 20*u. Let t be v(-5). Let w = 268 + t. Is w prime?
True
Let x be (1/3)/(2/36). Let n be 2*(33/x - 4). Suppose 3*u + 3*o = -o + 369, 0 = -5*u - n*o + 626. Is u composite?
False
Suppose 6*a = 2*a. Suppose -4*f - 3*z + 1519 - 450 = a, 3*z + 786 = 3*f. Is f prime?
False
Let x = 91 - 63. Suppose 5*d - 154 - 101 = 0. Let n = x + d. Is n prime?
True
Let p(m) = 5*m**2 - 9*m + 17. Let h(n) = -n**3 + 7*n**2 - 5*n - 12. Let g be h(5). Is p(g) prime?
False
Let h = -22 - -28. Let p = 7 - h. Let l(b) = 498*b**3 + 2*b**2 - b. Is l(p) a composite number?
False
Let n(x) = -33*x - 14. Suppose -3*l + l + 52 = r, -5*l + 5*r + 145 = 0. Suppose -39 = -l*z + 30*z. Is n(z) prime?
False
Let y(l) = -9*l**3 + 5*l**2 + 4*l - 1. Let m be y(-2). Suppose -3*f - 15 = 0, 0 = -b - b + 5*f - m. Is (-5)/(b/(-14) + -4) a prime number?
False
Let i = 14 + -1. Let w be i/(-3 - (-24)/9). Let r = 290 + w. Is r a composite number?
False
Suppose 10481 = 2*k - 22757. Is k composite?
False
Let n(v) = 28*v**2 - v + 9. Suppose 5*j + 8 + 27 = 0. Let b be n(j). Suppose b = 6*k - 2*k. Is k prime?
True
Let a = -7 - -4. Is (0 + -2302)/(a - -1 - 0) composite?
False
Suppose -k - 4*y = -0*k + 6, 2*y = -4. Suppose k*u + 222 = 808. Is u a composite number?
False
Let n = -2012 - -4831. Is n a prime number?
True
Is 8589/3 + 44/(-22) prime?
True
Let o(b) = -112*b + 9. Let m be o(-7). Let z = 262 + m. Is z a prime number?
False
Let t be (-1)/((-1)/(-1 - 3)). Let s be (-6)/t*60/18. Suppose 3*a - 931 = s*v, 939 = 3*a - v - 2*v. Is a prime?
True
Let x(i) = 67*i**3 + 4*i + 1. Let p(n) = n - 17. Let s be p(20). Let r be x(s). Suppose 3*j - 6017 = -4*m - r, 4*j - 5593 = -5*m. Is j composite?
True
Let d = 33 - 31. Suppose -4*h = 3*m + 7, 2*h = -4*m + 1 - 7. Is (6 + m)*(d + 9) prime?
False
Is (-1)/(-5) - (-140)/50 - -9646 prime?
True
Suppose 10*i = -17*i + 344979. Is i a prime number?
False
Suppose -73*o + 76*o = 23451. Is o composite?
False
Let o be (-473)/(0 - (1/2 + 0)). Let n = o + 37. Is n prime?
True
Suppose -6 = -2*z + 56. Let f = -29 + z. Suppose 0 = 3*s + f*s - 785. Is s a prime number?
True
Let o = -2 - -7. Suppose 4*z = -4*s - s + 1239, -o*z + 499 = 2*s. Is s a composite number?
True
Let u be (-69)/(-6) + (-2)/4. Let r = u - 9. Let g(a) = 10*a + 6. Is g(r) prime?
False
Suppose 12 = -3*c, 5*c + 30 = 2*o - 36. Suppose -172 + o = -v. Is v prime?
True
Let l(w) = -43*w + 5471. Is l(0) prime?
True
Suppose 2*d + 5*k + 4 = 0, k + 1 = -d - k. Let f(t) = 78*t**2 - 3*t - 2. Let w be f(d). Let g = w - 110. Is g prime?
False
Let y(f) = 20*f - 254. Is y(14) prime?
False
Let w(v) = -3*v**3 + 6*v**2 - 8*v + 2. Let d be w(6). Let z be 1*(18 - -773 - 3*-2). Let k = z + d. Is k prime?
False
Suppose 5*h = 7*h - 6. Suppose k + 2*d - 5590 = -4*k, h*k - 2*d = 3338. Let a = k + -707. Is a a prime number?
True
Let a = 39698 + -19369. Is a prime?
False
Let u be (-2)/13 - (-112)/52. Let b(k) = -k**2 + 4*k - 5. Let i be b(u). Is 32 - (-3 - i) - 0 prime?
False
Let w be ((-93)/9)/(6/(-342)). Suppose -4*o = -w - 99. Suppose -93 = -5*c + o. Is c composite?
False
Let i(n) = 16*n**3 - 4*n**2 + 2*n. Let d be i(2). Suppose 566 = -2*t + t + q, -4*t = -q + 2249. Let c = d - t. Is c a prime number?
True
Suppose 0 = 2*o - 166 - 68. Suppose -x - 2*n + 150 = 0, -28 = -x - n + o. Suppose -x = 5*b - 555. Is b prime?
True
Let q = 47 + -43. Suppose 1076 = q*h - 0*h. Is h a prime number?
True
Let z = 8554 - 5361. Is z a prime number?
False
Suppose 17*w = 3956 + 7757. Is w a composite number?
True
Let f = -4936 - -9410. Is f composite?
True
Let d(q) = -q**3 + q**2 + 141. Suppose 0 = 2*n + 3*n. Is d(n) prime?
False
Suppose 2*d - 170 = 4*c, 35 = -c + 2*d - 3*d. Let j = 117 - c. Is j a prime number?
True
Let s(f) be the third derivative of f**4/3 - 7*f**3/6 + 10*f**2. Suppose -2*z + 5*a + 19 = -7, 0 = 4*a. Is s(z) composite?
False
Let l(j) = 102*j - 53. Is l(11) prime?
True
Suppose 21*k + 336982 - 849529 = 0. Is k a prime number?
True
Let f = 36 + -41. Let y be 10 + f + -1*1. Suppose -3*g = 3*n - 453, y*g - 119 - 489 = -3*n. Is g composite?
True
Let f(z) = 529*z + 137. Is f(20) a composite number?
True
Let q(y) be the third derivative of -y**6/120 + y**5/6 - y**4/4 + 5*y**3/6 + 135*y**2. Suppose -5*v + 6 = -4*v. Is q(v) composite?
False
Let h = -171 - -1294. Is h a prime number?
True
Let z be (-2 + (375 - 0))*(29 - 26). Suppose z = 2*n + 4*k + 93, 0 = 3*n + k - 1554. Is n a prime number?
False
Suppose -1538 + 68 = 6*q. Is 3/7 - 214760/q prime?
True
Suppose -4*z = a + 6745, 3*z - 4*a = 5*z + 3362. Let h = z + 2413. Suppose -3*t - 117 = -h. Is t prime?
False
Let r = 22266 + -8437. Is r a composite number?
False
Let s(o) = 4*o**3 - 34*o**2 - 24*o + 23. Is s(18) prime?
True
Let t(x) = -x**3 + 18*x**2 + 24*x - 17. Let l = 91 - 73. Is t(l) prime?
False
Suppose 4*s = 3*u, 2*s = -u - 0*u + 10. Is (2 - 4) + s - -1636 prime?
True
Suppose 38581 - 203791 = 15*o. Is o/(-14) - (26/7 - 4) a composite number?
False
Suppose -5*f = -m - 687 - 6278, 0 = 5*m. Let l = f + -724. Is l prime?
False
Suppose -4*j + 3378 = -3*j - 2*p, -p = 5*j - 16934. Is j a prime number?
False
Let i(x) = -47*x**2 - x + 4. Let u be i(-5). Is (22/(-4) + 5)*u composite?
True
Let l be 1/(1/(-3)) - (25 - 60). Let o = -17 + 10. Is (l + 1)*(-6 - o) composite?
True
Let t b